late the greatest common divisor of 371 and 106.
53
What is the highest common divisor of 220 and 20?
20
Calculate the highest common divisor of 540 and 972.
108
Calculate the greatest common divisor of 960 and 64.
64
Calculate the highest common factor of 1007 and 95.
19
Calculate the highest common divisor of 36 and 32.
4
What is the greatest common factor of 424 and 8?
8
What is the greatest common divisor of 51 and 423?
3
Calculate the highest common divisor of 32 and 128.
32
What is the greatest common factor of 83 and 47559?
83
Calculate the greatest common factor of 41 and 1025.
41
Calculate the greatest common factor of 37 and 333.
37
What is the highest common divisor of 68 and 782?
34
What is the highest common divisor of 11231 and 22?
11
Calculate the greatest common divisor of 189 and 9219.
21
What is the greatest common factor of 2000 and 64?
16
Calculate the highest common divisor of 70 and 1946.
14
Calculate the greatest common divisor of 1784 and 56.
8
What is the highest common divisor of 60 and 1068?
12
What is the highest common factor of 3468 and 408?
204
Calculate the greatest common factor of 116 and 116.
116
Calculate the highest common divisor of 423 and 63.
9
What is the highest common divisor of 1432 and 1611?
179
What is the greatest common factor of 2769 and 1704?
213
What is the highest common divisor of 352 and 88?
88
What is the greatest common factor of 1261 and 1455?
97
Calculate the highest common factor of 9 and 279.
9
Calculate the greatest common divisor of 4 and 548.
4
What is the highest common factor of 1296 and 320?
16
Calculate the greatest common divisor of 860 and 120.
20
Calculate the highest common divisor of 61 and 17629.
61
Calculate the greatest common factor of 7329 and 3.
3
What is the greatest common divisor of 1862 and 38?
38
Calculate the highest common divisor of 11 and 11363.
11
Calculate the highest common divisor of 17 and 323.
17
Calculate the highest common divisor of 1950 and 78.
78
What is the greatest common divisor of 12 and 1866?
6
What is the greatest common factor of 1 and 50?
1
Calculate the greatest common factor of 16 and 8.
8
Calculate the highest common divisor of 2537 and 413.
59
What is the highest common divisor of 35 and 19635?
35
Calculate the highest common factor of 23 and 92023.
23
Calculate the greatest common factor of 292 and 1022.
146
What is the greatest common divisor of 8 and 72?
8
What is the greatest common factor of 4313 and 2724?
227
What is the greatest common factor of 165 and 22?
11
What is the greatest common factor of 15464 and 8?
8
What is the greatest common divisor of 5 and 705?
5
Calculate the highest common factor of 50 and 475.
25
Calculate the greatest common factor of 352 and 44.
44
What is the greatest common divisor of 21 and 14?
7
Calculate the highest common factor of 864 and 32.
32
What is the greatest common divisor of 17 and 3961?
17
Calculate the greatest common divisor of 452 and 4.
4
What is the greatest common factor of 63 and 3423?
21
What is the greatest common factor of 4260 and 12?
12
Calculate the highest common factor of 3429 and 127.
127
What is the greatest common divisor of 16 and 16?
16
Calculate the highest common factor of 117 and 7254.
117
What is the greatest common divisor of 66 and 33?
33
What is the greatest common factor of 63 and 147?
21
Calculate the highest common divisor of 11 and 187.
11
What is the highest common factor of 24426 and 2070?
414
What is the highest common factor of 432 and 3564?
108
Calculate the highest common divisor of 32 and 136.
8
What is the greatest common factor of 76 and 247?
19
Calculate the highest common factor of 525 and 300.
75
Calculate the highest common divisor of 90 and 60.
30
Calculate the highest common factor of 24 and 8.
8
What is the highest common factor of 261 and 580?
29
Calculate the highest common factor of 12 and 1308.
12
Calculate the greatest common divisor of 944 and 59.
59
Calculate the highest common factor of 106 and 10706.
106
Calculate the highest common factor of 4192 and 32.
32
What is the highest common factor of 32 and 48?
16
What is the greatest common factor of 3653 and 52?
13
Calculate the highest common factor of 20 and 50.
10
Calculate the greatest common factor of 16 and 144.
16
Calculate the greatest common factor of 126 and 14.
14
What is the greatest common factor of 221 and 13?
13
Calculate the highest common divisor of 360 and 80.
40
Calculate the greatest common factor of 17927 and 13.
13
Calculate the highest common divisor of 210 and 66780.
210
What is the greatest common factor of 318 and 6?
6
Calculate the greatest common divisor of 314 and 22294.
314
What is the highest common divisor of 1218 and 696?
174
Calculate the highest common factor of 1484 and 224.
28
What is the greatest common divisor of 1536 and 3?
3
Calculate the highest common factor of 24 and 726.
6
What is the highest common factor of 121 and 22?
11
Calculate the greatest common factor of 36 and 828.
36
What is the highest common factor of 381 and 254?
127
Calculate the highest common factor of 11203 and 51.
17
Calculate the highest common factor of 844 and 16669.
211
What is the highest common divisor of 15 and 15?
15
Calculate the greatest common factor of 1935 and 630.
45
What is the greatest common divisor of 18 and 3114?
18
Calculate the highest common divisor of 867 and 17.
17
Calculate the greatest common factor of 13716 and 36.
36
What is the highest common factor of 124 and 28?
4
Calculate the highest common factor of 54 and 189.
27
What is the greatest common divisor of 69 and 21183?
69
Calculate the greatest common factor of 30 and 390.
30
Calculate the highest common divisor of 2294 and 124.
62
Calculate the highest common factor of 4029 and 51.
51
Calculate the highest common factor of 2301 and 39.
39
What is the greatest common divisor of 4456 and 8?
8
What is the highest common factor of 192 and 78?
6
Calculate the greatest common factor of 6 and 2058.
6
What is the greatest common factor of 102 and 51?
51
What is the highest common divisor of 76 and 1900?
76
Calculate the highest common divisor of 4 and 50.
2
What is the highest common divisor of 7632 and 72?
72
What is the greatest common factor of 1924 and 37?
37
What is the highest common factor of 481 and 65?
13
What is the highest common divisor of 72 and 243?
9
Calculate the greatest common divisor of 17 and 31.
1
What is the greatest common factor of 152 and 24?
8
What is the greatest common factor of 1146 and 4?
2
Calculate the greatest common divisor of 234 and 72.
18
What is the greatest common factor of 10 and 925?
5
Calculate the greatest common divisor of 31 and 3.
1
Calculate the greatest common divisor of 14 and 203.
7
Calculate the greatest common factor of 3069 and 124.
31
Calculate the highest common factor of 544 and 28.
4
Calculate the greatest common factor of 950 and 76.
38
Calculate the highest common divisor of 112 and 7.
7
What is the highest common factor of 365 and 219?
73
Calculate the highest common factor of 11 and 1441.
11
Calculate the greatest common factor of 2159 and 34.
17
What is the highest common divisor of 2121 and 21?
21
What is the greatest common divisor of 102 and 85?
17
What is the highest common factor of 2392 and 23?
23
Calculate the greatest common divisor of 1003 and 59.
59
What is the greatest common divisor of 16 and 256?
16
Calculate the greatest common factor of 973 and 77.
7
What is the highest common factor of 714 and 510?
102
What is the highest common factor of 324 and 36?
36
What is the highest common factor of 1298 and 22?
22
Calculate the greatest common factor of 358 and 54953.
179
Calculate the highest common divisor of 24 and 200.
8
What is the greatest common divisor of 63 and 105?
21
Calculate the greatest common factor of 69 and 81.
3
Calculate the highest common factor of 4097 and 34.
17
What is the greatest common factor of 1832 and 24?
8
What is the highest common factor of 476 and 612?
68
Calculate the greatest common divisor of 10026 and 18.
18
Calculate the greatest common factor of 200 and 88.
8
Calculate the greatest common divisor of 264 and 231.
33
What is the highest common factor of 108 and 12?
12
Calculate the greatest com